0 and v?
8
Let b(x) = -7*x**3 + x + 2. Let u be b(-2). Let h be (-40)/(-6) + (-17)/(-51). What is the highest common factor of h and u?
7
Suppose 11*m - 6*m - 80 = 5*i, 3*m + 2*i - 38 = 0. Let y = 136 - 80. What is the greatest common divisor of y and m?
14
Let v(t) = t + 90. Let g be v(0). Calculate the greatest common divisor of 18 and g.
18
Let o = 222 + -159. Calculate the greatest common divisor of o and 21.
21
Let x be 6/9*(-180)/(-6). Suppose 0 = 4*b, -k - 3*b = -4*b - 20. Calculate the highest common factor of x and k.
20
Let w = -3 + 3. Suppose w = 5*l - 2*l + 51. Let n = l - -29. What is the highest common factor of 84 and n?
12
Suppose 80*n - 82*n + 56 = 0. What is the highest common divisor of n and 21?
7
Suppose 4*h = 5*n - 484, -3*h = -0 + 3. Let r be (1 + 75)/(-4)*-10. Let b be r/8 + 7/28. Calculate the greatest common factor of n and b.
24
Let c be -4*(-4)/32*16. Suppose g + 19 = -5*s, 0*g + 3*g - s - 7 = 0. Let n be 2*g*-2*-8. Calculate the highest common divisor of n and c.
8
Let u(k) = k**2 + 9*k - 14. Let x be u(-11). What is the highest common divisor of 24 and x?
8
Suppose -486 = -5*q - 161. Suppose -2*g + t = -30, -15 - 28 = -3*g + t. What is the highest common factor of g and q?
13
Suppose j = -0*j + 65. Let h = -55 + 81. Calculate the highest common factor of j and h.
13
Suppose -60 = -o - 4. Suppose -6*n = -3*n - 3*j - 24, -4*j = -2*n + 18. Calculate the greatest common factor of n and o.
7
Let z be (-2)/((-3)/(-5) - 1). Calculate the greatest common divisor of z and 15.
5
Let y(a) = -3*a - 11. Let s be y(-4). Calculate the highest common divisor of s and 7.
1
Suppose 0 = -w + 5*w + 12. Let b be (-1)/((w/(-36))/(-1)). Calculate the greatest common factor of b and 36.
12
Let c(b) = -b - 3. Let z be c(-3). Suppose -r = -z*r. Let u(d) = d**3 - d + 26. Let w be u(r). Calculate the highest common divisor of w and 52.
26
Suppose -3*f - 630 = -6*f. Calculate the greatest common divisor of f and 21.
21
Let c be (12/(-20))/((-2)/90). Calculate the highest common divisor of 9 and c.
9
Suppose 0 = 2*w - 3*f + 9 - 118, 5*w - 2*f = 256. Let n = -22 + w. Calculate the greatest common factor of n and 4.
4
Suppose 0 = -3*m + 6, -f + 6*m - 4*m = -116. Calculate the highest common factor of f and 15.
15
Let c(g) = g**3 + 5*g**2 - 9*g - 14. Let h be c(-6). What is the highest common divisor of 2 and h?
2
Let o = 8 - -19. Suppose 2*i = -5*p + 290, 2*p + 2*i + 35 = 145. Let y = p + -42. Calculate the highest common divisor of y and o.
9
Let p be 1*(-2 - -1) - -13. What is the highest common factor of p and 3?
3
Let u = 137 - 128. Calculate the highest common factor of u and 117.
9
Suppose 23 = i + 3*n, 4*i - 6*i = -4*n - 16. Calculate the highest common divisor of i and 56.
14
Let y be (-11)/(-2) - (-8)/(-16). Suppose 2*p - 16 = -0*p. Suppose 0 = c - w - p, -2*c + y*w = -0*c - 19. What is the highest common factor of 14 and c?
7
Let l(j) = j. Let w be l(2). Let n be w*9/6 + -1. Let k be (-1)/2 - (-73)/n. Calculate the highest common divisor of 9 and k.
9
Let p = -13 + 18. Suppose 5*k + 14 = p*v - 56, 8 = v + 2*k. Calculate the greatest common factor of v and 24.
12
Let p(l) = -3*l**3 + 28*l**2 - 5*l. Let i be p(9). What is the highest common factor of 18 and i?
18
Let s = 93 + -64. Suppose 2*l = 6*l - 12. Suppose -4*f - 239 = -l*g + s, 5*f + 104 = g. Calculate the highest common divisor of 12 and g.
12
Let z(o) = 4*o - 5*o + 2*o**2 - 7 + 6*o. Let c be z(-7). Calculate the greatest common factor of 8 and c.
8
Let o(r) = r**2 + 3*r + 1 + 1 + 0 + 1. Let t be o(-3). Let c be 2/4 - (-130)/4. What is the greatest common factor of c and t?
3
Suppose 2*s + 2*a = -0*a + 46, -4*a = -5*s + 97. Calculate the highest common factor of 3 and s.
3
Let y be 25/4 - 6/24. Let n = 5 + 3. Let s be (30/n)/(1/4). Calculate the highest common factor of y and s.
3
Suppose -3*r + 21 = -2*i, 2*r - 23 - 1 = 3*i. Let y(m) = m**3 + 6*m**2 - 3*m + 2. Let p be y(i). What is the highest common divisor of p and 30?
10
Let v = 296 - -1. What is the highest common divisor of 27 and v?
27
Suppose 23*i - 19*i = 120. Calculate the greatest common factor of 105 and i.
15
Let o = 228 + -66. Calculate the highest common divisor of 18 and o.
18
Let s(i) = 42*i**3 + i**2 + i - 2. Let o be s(1). What is the highest common divisor of 14 and o?
14
Let w = 22 + -16. What is the greatest common factor of 15 and w?
3
Let n be (-66)/(-10) - 4/(-10). Suppose 3*c - n = 11. Suppose f = -2*f + 2*x + 35, 3*x = c. Calculate the highest common divisor of 91 and f.
13
Let d(l) = l + 256. Let b be d(0). Calculate the greatest common divisor of 32 and b.
32
Let p be ((-36)/24)/(1/(-2)). Let w(d) = d**3 - 2*d**2 - 2*d + 2. Let x be w(2). Let l be 15/10 + x/(-4). What is the highest common divisor of p and l?
1
Suppose -2*l + 136 = -348. What is the greatest common factor of l and 22?
22
Suppose 5*x = -0*x - 2*p + 68, 0 = -5*x - p + 69. Calculate the highest common factor of 35 and x.
7
Let l(m) = -m**3 + m**2 - m + 8. Suppose 6*k - 2*k = 0. Let v be l(k). Calculate the highest common factor of v and 12.
4
Let m be 6/(((-15)/(-3))/1 - 3). Suppose -h + 4*z + 64 = 0, -2*h + 0*h = 3*z - 84. Suppose 2*d - 6*d = -h. Calculate the greatest common factor of m and d.
3
Let h be (-20)/10 + 42 + 0. Let i = -10 + 15. Calculate the highest common divisor of i and h.
5
Suppose -6 = 4*i - 2*h - h, 2*i = -3*h - 12. Let d = i - -8. Let f = d - -6. Calculate the highest common divisor of 99 and f.
11
Let w(i) = i - 4. Let d be w(8). Let n(z) = z + 5. Let f be n(d). Suppose g - 54 = -g. What is the highest common divisor of f and g?
9
Suppose 4*x - 4 = 3*x - 2*r, 3*x + 2*r = 12. Suppose -w + 70 = x*w. Calculate the greatest common divisor of 98 and w.
14
Let m(n) = 7*n**2 + 3*n + 2. Let g = 23 - 26. Let q be m(g). What is the highest common divisor of 7 and q?
7
Let y = 132 - 128. What is the greatest common divisor of 4 and y?
4
Let q = -15 + 20. Suppose 5*s - 10 = 3*s. What is the greatest common factor of q and s?
5
Let z(a) = -a - 6 + 4*a - 4*a - 5*a. Let b be z(-7). What is the highest common factor of 4 and b?
4
Let l(v) = -v**3 - 2*v - 5*v**2 + 0*v - 2 + 4*v**2. Let z be l(-2). What is the highest common divisor of z and 6?
6
Let t(k) = -k**2 - 22*k - 27. Let f be t(-20). What is the highest common factor of f and 247?
13
Let c(v) = -v**2 - 2*v + 6. Let x be c(-3). Suppose -3*q + 2*q = -12. Calculate the greatest common divisor of x and q.
3
Suppose -164 = -3*x + 2*o - 3*o, x = 5*o + 76. What is the greatest common factor of 28 and x?
28
Let w be (-32 - -4)*5/(-4). Let b(z) = 6*z**2 + z. Let m = -2 + 3. Let u be b(m). What is the highest common factor of w and u?
7
Let f = -26 - -61. What is the highest common divisor of f and 5?
5
Suppose 0 = -j + 2*c - 8, 7*c - 3*c = -4*j + 16. Suppose -x = -j - 5. Suppose 0*u + 60 = x*u. What is the highest common factor of u and 12?
12
Suppose 3*f + 2*i = -3*i + 44, -i = -5*f + 36. What is the highest common divisor of 1 and f?
1
Let q = 2 + -2. Let f be (q/3)/(-1 - -2). Suppose 5*z - 1 - 39 = f. What is the highest common factor of 88 and z?
8
Suppose 0 = -11*w + 1325 + 787. What is the highest common factor of w and 16?
16
Let g(d) = -d**2 - 8*d - 4. Let s be g(-3). Let u = 236 - 159. Calculate the highest common divisor of s and u.
11
Suppose 0 = i + 2*a - 4, -24 = -i + a + a. Let n = -6 + i. What is the greatest common divisor of 4 and n?
4
Let a be (-14)/(-4) + (-7)/(-14). Let b be 6*(-22)/(-12)*a. Calculate the greatest common factor of b and 11.
11
Suppose 2*r = r + 5. Suppose v - 2 = -2*m - 1, r*m = 0. Suppose -v - 9 = -5*g. What is the greatest common divisor of g and 6?
2
Suppose -j + 0 = -3. Suppose 0 = -0*a - a + j, 5*m = -a + 213. Calculate the highest common factor of 28 and m.
14
Let y(k) = -88*k**3 - 2*k**2 - k. Let z be y(-1). Suppose -3*w + 0*w + 111 = 0. Let b = z - w. Calculate the highest common factor of 10 and b.
10
Let t(z) = -2*z - 8. Let o be t(-6). Suppose -5*u = 2*v - 40, 4*u + v - o*v = 9. What is the highest common divisor of 24 and u?
6
Suppose -4 = v - 2*a, -3*a + 6 = -3*v + 7*v. Suppose v = 2*c + 4*b - 22, c - 4*b - 35 = 0. What is the highest common divisor of 152 and c?
19
Suppose 60 = 3*v - v. Suppose 3*b + 3 = 0, -5*u - b = 2*b - 22